?
37
Calculate the greatest common factor of 14313 and 4992.
39
Calculate the highest common divisor of 1472897 and 289.
17
Calculate the greatest common divisor of 2014952 and 3904.
488
What is the highest common factor of 2346 and 3612426?
138
What is the highest common factor of 1078254 and 16206?
222
Calculate the greatest common factor of 2 and 73302089.
1
What is the greatest common divisor of 48276 and 456775443?
12069
Calculate the greatest common factor of 1 and 125399.
1
What is the greatest common factor of 39050 and 9900?
550
Calculate the highest common divisor of 29740105 and 2180.
545
What is the highest common divisor of 31305 and 228930?
15
Calculate the highest common divisor of 6978 and 1512743175.
3489
What is the greatest common divisor of 2628 and 24302576?
292
Calculate the greatest common divisor of 6206955 and 85935.
255
Calculate the greatest common factor of 391 and 640441.
17
Calculate the greatest common divisor of 3154417 and 1148.
287
Calculate the greatest common factor of 2123608019 and 13.
13
Calculate the highest common divisor of 1378 and 72793062.
106
What is the highest common divisor of 610 and 241117?
1
Calculate the highest common divisor of 223652104 and 62.
62
What is the highest common factor of 4 and 2090316?
4
What is the greatest common factor of 9440 and 65423920?
4720
What is the highest common divisor of 50 and 36649200?
50
Calculate the greatest common divisor of 36250512 and 528.
48
What is the greatest common factor of 5407120 and 560?
80
What is the highest common factor of 18900 and 617750?
350
Calculate the highest common factor of 10 and 66800555.
5
Calculate the highest common factor of 52 and 15130011.
13
Calculate the greatest common divisor of 9475843 and 234.
13
Calculate the greatest common factor of 396 and 543374964.
396
Calculate the highest common divisor of 22327 and 2756513.
83
Calculate the greatest common divisor of 476040 and 1260.
60
What is the greatest common divisor of 319 and 4259849?
11
What is the highest common divisor of 22629295 and 68?
17
What is the greatest common divisor of 10247456 and 10344?
3448
What is the greatest common divisor of 487671486 and 13956?
6978
Calculate the greatest common divisor of 967475 and 185.
5
What is the highest common divisor of 209485152 and 238?
34
Calculate the highest common divisor of 85 and 11017855.
5
What is the greatest common factor of 530670 and 7577390?
3610
What is the greatest common divisor of 1374951 and 6?
3
What is the greatest common divisor of 43568038 and 734?
734
Calculate the greatest common divisor of 10322125 and 550.
275
Calculate the greatest common divisor of 370502 and 110.
22
What is the highest common divisor of 31616 and 31798?
26
Calculate the greatest common divisor of 259839 and 171.
9
Calculate the greatest common divisor of 1992 and 277417872.
1992
Calculate the highest common divisor of 12628 and 48796.
44
What is the greatest common factor of 107996 and 75085640?
5684
What is the highest common divisor of 25023319 and 514?
257
Calculate the highest common divisor of 308 and 77631400.
308
What is the highest common factor of 532719344 and 5627?
5627
Calculate the highest common divisor of 30 and 4064004.
6
What is the highest common divisor of 184970277 and 54?
27
What is the greatest common divisor of 9464 and 3417680?
56
Calculate the highest common divisor of 4393 and 7998507.
191
Calculate the greatest common factor of 201549 and 762.
381
What is the highest common factor of 65 and 960661?
13
What is the highest common factor of 108348996 and 5768?
2884
Calculate the greatest common factor of 4133 and 272988783.
4133
What is the greatest common divisor of 32097489 and 10971?
3657
What is the highest common divisor of 225082322 and 296?
74
Calculate the highest common factor of 261711 and 247131.
729
Calculate the greatest common factor of 7931 and 1105566.
77
What is the greatest common factor of 9648000 and 576?
576
Calculate the highest common factor of 62332330 and 160.
10
What is the greatest common factor of 387 and 210169122?
129
Calculate the highest common divisor of 250079 and 1784915.
1909
Calculate the highest common factor of 6421383 and 44604.
1593
Calculate the greatest common divisor of 215 and 106499003.
43
What is the highest common divisor of 4400 and 29840400?
400
Calculate the greatest common factor of 60606 and 970437.
39
Calculate the highest common factor of 727184 and 9670.
1934
What is the greatest common factor of 1935 and 6398055?
45
What is the highest common divisor of 33486368 and 64?
32
Calculate the greatest common factor of 506 and 3984024.
22
Calculate the greatest common divisor of 5369 and 11478103.
91
What is the highest common factor of 175 and 9900725?
25
Calculate the greatest common factor of 9 and 161488818.
9
What is the greatest common divisor of 284820 and 79383?
141
What is the greatest common divisor of 14492380 and 1820?
140
What is the greatest common divisor of 28093 and 899288?
13
Calculate the highest common factor of 112 and 1226022.
14
What is the greatest common factor of 686226331 and 196?
49
What is the highest common factor of 5165 and 4324138?
1033
Calculate the highest common factor of 36182970 and 540.
270
What is the greatest common divisor of 59332 and 29354?
26
Calculate the highest common factor of 17705350 and 9100.
650
What is the greatest common divisor of 89655 and 3409169?
43
What is the greatest common factor of 59 and 925339421?
59
Calculate the greatest common factor of 55978 and 102700.
26
What is the highest common divisor of 10 and 847108800?
10
Calculate the greatest common divisor of 14419863 and 45.
9
Calculate the highest common divisor of 75169902 and 8334.
2778
What is the highest common factor of 26858229 and 2467?
2467
What is the highest common factor of 15400824 and 192?
24
Calculate the highest common divisor of 17528 and 1149596.
28
Calculate the greatest common factor of 31483 and 336965.
19
What is the highest common divisor of 70670 and 668?
2
Calculate the highest common factor of 1510 and 478066.
302
What is the highest common divisor of 209792 and 14172433?
1639
Calculate the highest common divisor of 12 and 238047.
3
What is the greatest common factor of 1753000992 and 288?
288
Calculate the greatest common divisor of 302045436 and 28.
28
Calculate the highest common divisor of 298675 and 35750.
325
What is the greatest common factor of 3703 and 81818843?
529
Calculate the highest common divisor of 766380 and 56180.
1060
Calculate the highest common divisor of 9505467 and 712.
89
What is the greatest common factor of 602979 and 1677?
39
Calculate the highest common factor of 36 and 134956356.
12
Calculate the highest common divisor of 5852 and 1434225716.
5852
What is the highest common factor of 12 and 23243034?
6
Calculate the highest common factor of 180671 and 73333408.
9509
What is the highest common divisor of 77054240 and 320?
160
What is the greatest common divisor of 69841 and 1525952?
211
What is the greatest common divisor of 545013 and 19557?
369
What is the greatest common divisor of 5 and 140663155?
5
What is the greatest common divisor of 49 and 1378951?
7
What is the highest common divisor of 50769021 and 204?
51
What is the greatest common factor of 699522 and 17982?
222
What is the highest common factor of 20169 and 8062620?
249
Calculate the highest common divisor of 102 and 62681856.
102
What is the greatest common divisor of 435 and 18562485?
15
What is the highest common divisor of 12831246 and 1458?
18
What is the greatest common divisor of 76826394 and 174?
174
Calculate the greatest common divisor of 48249 and 1488571.
1787
What is the greatest common factor of 16469566 and 364112?
6502
Calculate the greatest common factor of 6240 and 100208550.
390
What is the highest common divisor of 5676 and 2998992?
516
Calculate the highest common divisor of 723730 and 17248.
98
What is the greatest common factor of 44220 and 2217030?
2010
What is the highest common factor of 108 and 96747084?
36
Calculate the highest common divisor of 573 and 1520360.
191
What is the greatest common divisor of 1387880232 and 456?
456
What is the greatest common factor of 687808 and 26752?
704
